{"id":172,"date":"2016-08-25T23:25:56","date_gmt":"2016-08-25T21:25:56","guid":{"rendered":"http:\/\/radzimy.webd.pl\/?page_id=172"},"modified":"2025-10-26T19:38:34","modified_gmt":"2025-10-26T18:38:34","slug":"olsztynski","status":"publish","type":"page","link":"https:\/\/pol-pat.pl\/index.php\/oddzialy\/olsztynski\/","title":{"rendered":"Olszty\u0144ski"},"content":{"rendered":"<h5><strong>ZARZ\u0104D ODDZIA\u0141U OLSZTY\u0143SKIEGO W KADENCJI 2025 \u2013 2028<\/strong><\/h5>\n<p><strong>PRZEWODNICZ\u0104CY:<\/strong> dr n. med. Sejda Aleksandra<\/p>\n<p>ZAST\u0118PCA PRZEWODNICZ\u0104CEGO: dr hab. Iwona Otrocka-Domaga\u0142a, prof. UWM<\/p>\n<p>ZAST\u0118PCA PRZEWODNICZ\u0104CEGO: prof. dr hab. Krzysztof W\u0105sowicz<\/p>\n<p>SEKRETARZ: lek. Marta Szadurska-Noga<\/p>\n<p>SKARBNIK: lek. Marta Ruska\u0144-Bakun<\/p>\n<p><strong>KOMISJA REWIZYJNA:<\/strong><\/p>\n<p>PRZEWODNICZ\u0104CY:<\/p>\n<p>SEKRETARZ:<\/p>\n<p>CZ\u0141ONEK:<\/p>\n<p><strong>Siedziba Oddzia\u0142u:<\/strong><\/p>\n<p>e-mail: <a href=\"mailto:olsztynski@pol-pat.pl\">olsztynski@pol-pat.pl<\/a><\/p>\n","protected":false},"excerpt":{"rendered":"<p>ZARZ\u0104D ODDZIA\u0141U OLSZTY\u0143SKIEGO W KADENCJI 2025 \u2013 2028 PRZEWODNICZ\u0104CY: dr n. med. Sejda Aleksandra ZAST\u0118PCA PRZEWODNICZ\u0104CEGO: dr hab. Iwona Otrocka-Domaga\u0142a,<\/p>\n","protected":false},"author":2,"featured_media":0,"parent":93,"menu_order":0,"comment_status":"closed","ping_status":"closed","template":"","meta":{"footnotes":"","_links_to":"","_links_to_target":""},"class_list":["post-172","page","type-page","status-publish","hentry"],"post_mailing_queue_ids":[],"_links":{"self":[{"href":"https:\/\/pol-pat.pl\/index.php\/wp-json\/wp\/v2\/pages\/172","targetHints":{"allow":["GET"]}}],"collection":[{"href":"https:\/\/pol-pat.pl\/index.php\/wp-json\/wp\/v2\/pages"}],"about":[{"href":"https:\/\/pol-pat.pl\/index.php\/wp-json\/wp\/v2\/types\/page"}],"author":[{"embeddable":true,"href":"https:\/\/pol-pat.pl\/index.php\/wp-json\/wp\/v2\/users\/2"}],"replies":[{"embeddable":true,"href":"https:\/\/pol-pat.pl\/index.php\/wp-json\/wp\/v2\/comments?post=172"}],"version-history":[{"count":8,"href":"https:\/\/pol-pat.pl\/index.php\/wp-json\/wp\/v2\/pages\/172\/revisions"}],"predecessor-version":[{"id":10009,"href":"https:\/\/pol-pat.pl\/index.php\/wp-json\/wp\/v2\/pages\/172\/revisions\/10009"}],"up":[{"embeddable":true,"href":"https:\/\/pol-pat.pl\/index.php\/wp-json\/wp\/v2\/pages\/93"}],"wp:attachment":[{"href":"https:\/\/pol-pat.pl\/index.php\/wp-json\/wp\/v2\/media?parent=172"}],"curies":[{"name":"wp","href":"https:\/\/api.w.org\/{rel}","templated":true}]}}