{"id":164,"date":"2016-08-25T23:23:07","date_gmt":"2016-08-25T21:23:07","guid":{"rendered":"http:\/\/radzimy.webd.pl\/?page_id=164"},"modified":"2025-10-26T19:32:44","modified_gmt":"2025-10-26T18:32:44","slug":"gdanski","status":"publish","type":"page","link":"https:\/\/pol-pat.pl\/index.php\/oddzialy\/gdanski\/","title":{"rendered":"Gda\u0144ski"},"content":{"rendered":"<h5><strong>ZARZ\u0104D ODDZIA\u0141U GDA\u0143SKIEGO NA KADENCJ\u0118 2025-2028<\/strong><\/h5>\n<p>\u00a0<\/p>\n<p><strong>Przewodnicz\u0105cy: <\/strong>prof. dr hab. med. Ewa l\u017cycka-\u015awieszewska<\/p>\n<p>Wiceprzewodnicz\u0105cy: prof. dr hab. med. Wojciech Biernat<\/p>\n<p>Sekretarz: dr n. med. Micha\u0142 Bie\u0144kowski<\/p>\n<p>Skarbnik: lek. med. Jacek Kowalski<\/p>\n<p>Cz\u0142onek: dr n. med. Artur Antolak<\/p>\n<p>\u00a0<\/p>\n<p><strong>Komisja Rewizyjna:<\/strong><\/p>\n<p>Przewodnicz\u0105cy:\u00a0<\/p>\n<p>Cz\u0142onkowie:\u00a0<\/p>\n<p>\u00a0<\/p>\n<p><strong>Siedziba:<\/strong><\/p>\n<p><a href=\"mailto:gdanski@pol-pat.pl\">gdanski@pol-pat.pl<\/a><\/p>\n\n\n<p><\/p>\n","protected":false},"excerpt":{"rendered":"<p>ZARZ\u0104D ODDZIA\u0141U GDA\u0143SKIEGO NA KADENCJ\u0118 2025-2028 \u00a0 Przewodnicz\u0105cy: prof. dr hab. med. Ewa l\u017cycka-\u015awieszewska Wiceprzewodnicz\u0105cy: prof. dr hab. med. Wojciech<\/p>\n","protected":false},"author":2,"featured_media":0,"parent":93,"menu_order":0,"comment_status":"closed","ping_status":"closed","template":"","meta":{"footnotes":"","_links_to":"","_links_to_target":""},"class_list":["post-164","page","type-page","status-publish","hentry"],"post_mailing_queue_ids":[],"_links":{"self":[{"href":"https:\/\/pol-pat.pl\/index.php\/wp-json\/wp\/v2\/pages\/164","targetHints":{"allow":["GET"]}}],"collection":[{"href":"https:\/\/pol-pat.pl\/index.php\/wp-json\/wp\/v2\/pages"}],"about":[{"href":"https:\/\/pol-pat.pl\/index.php\/wp-json\/wp\/v2\/types\/page"}],"author":[{"embeddable":true,"href":"https:\/\/pol-pat.pl\/index.php\/wp-json\/wp\/v2\/users\/2"}],"replies":[{"embeddable":true,"href":"https:\/\/pol-pat.pl\/index.php\/wp-json\/wp\/v2\/comments?post=164"}],"version-history":[{"count":7,"href":"https:\/\/pol-pat.pl\/index.php\/wp-json\/wp\/v2\/pages\/164\/revisions"}],"predecessor-version":[{"id":10002,"href":"https:\/\/pol-pat.pl\/index.php\/wp-json\/wp\/v2\/pages\/164\/revisions\/10002"}],"up":[{"embeddable":true,"href":"https:\/\/pol-pat.pl\/index.php\/wp-json\/wp\/v2\/pages\/93"}],"wp:attachment":[{"href":"https:\/\/pol-pat.pl\/index.php\/wp-json\/wp\/v2\/media?parent=164"}],"curies":[{"name":"wp","href":"https:\/\/api.w.org\/{rel}","templated":true}]}}