{"id":162,"date":"2016-08-25T23:22:20","date_gmt":"2016-08-25T21:22:20","guid":{"rendered":"http:\/\/radzimy.webd.pl\/?page_id=162"},"modified":"2025-10-26T20:56:12","modified_gmt":"2025-10-26T19:56:12","slug":"bydgoski","status":"publish","type":"page","link":"https:\/\/pol-pat.pl\/index.php\/oddzialy\/bydgoski\/","title":{"rendered":"Bydgoski"},"content":{"rendered":"<h5><strong>ZARZ\u0104D ODDZIA\u0141U BYDGOSKIEGO\u00a0 W KADENCJI 2025-2028<\/strong><\/h5>\n<p><strong>Przewodnicz\u0105cy:<\/strong> lek. Anna Kasperska<\/p>\n<p>Zast\u0119pca przewodnicz\u0105cego: dr n. med. Justyna Dur\u015blewicz<\/p>\n<p>Sekretarz: lek. Marek Zdrenka<\/p>\n<p>Skarbnik: lek. Izabela Wasiak<\/p>\n<p>Cz\u0142onek Zarz\u0105du: prof. dr hab. n. med. Andrzej Marsza\u0142ek<\/p>\n<p><strong>Komisja rewizyjna:<\/strong><\/p>\n<p>Przewodnicz\u0105cy: dr n. med. Cezary Jochymski<\/p>\n<p>Sekretarz: lek. Marianna Sikorska-Jab\u0142o\u0144ska<\/p>\n<p>Cz\u0142onek: dr n. med. Natalia Skoczylas-Makowska<strong><br \/>\n<\/strong><\/p>\n<p><strong>Siedziba:<\/strong><\/p>\n<p>Specjalistyczny Szpital Miejski im. M. Kopernika w Toruniu<\/p>\n<p>ul. Batorego 17\/19<\/p>\n<p>87-100 Toru\u0144<\/p>\n<p>e-mail:<a href=\"mailto:bydgoski@pol-pat.pl\"> bydgoski@pol-pat.pl<\/a><\/p>\n","protected":false},"excerpt":{"rendered":"<p>ZARZ\u0104D ODDZIA\u0141U BYDGOSKIEGO\u00a0 W KADENCJI 2025-2028 Przewodnicz\u0105cy: lek. Anna Kasperska Zast\u0119pca przewodnicz\u0105cego: dr n. med. Justyna Dur\u015blewicz Sekretarz: lek. Marek<\/p>\n","protected":false},"author":2,"featured_media":0,"parent":93,"menu_order":0,"comment_status":"closed","ping_status":"closed","template":"","meta":{"footnotes":"","_links_to":"","_links_to_target":""},"class_list":["post-162","page","type-page","status-publish","hentry"],"post_mailing_queue_ids":[],"_links":{"self":[{"href":"https:\/\/pol-pat.pl\/index.php\/wp-json\/wp\/v2\/pages\/162","targetHints":{"allow":["GET"]}}],"collection":[{"href":"https:\/\/pol-pat.pl\/index.php\/wp-json\/wp\/v2\/pages"}],"about":[{"href":"https:\/\/pol-pat.pl\/index.php\/wp-json\/wp\/v2\/types\/page"}],"author":[{"embeddable":true,"href":"https:\/\/pol-pat.pl\/index.php\/wp-json\/wp\/v2\/users\/2"}],"replies":[{"embeddable":true,"href":"https:\/\/pol-pat.pl\/index.php\/wp-json\/wp\/v2\/comments?post=162"}],"version-history":[{"count":11,"href":"https:\/\/pol-pat.pl\/index.php\/wp-json\/wp\/v2\/pages\/162\/revisions"}],"predecessor-version":[{"id":10021,"href":"https:\/\/pol-pat.pl\/index.php\/wp-json\/wp\/v2\/pages\/162\/revisions\/10021"}],"up":[{"embeddable":true,"href":"https:\/\/pol-pat.pl\/index.php\/wp-json\/wp\/v2\/pages\/93"}],"wp:attachment":[{"href":"https:\/\/pol-pat.pl\/index.php\/wp-json\/wp\/v2\/media?parent=162"}],"curies":[{"name":"wp","href":"https:\/\/api.w.org\/{rel}","templated":true}]}}